ime factors of 22233196?
2, 607, 9157
What are the prime factors of 9244205240?
2, 5, 643, 359417
What are the prime factors of 4652758730?
2, 5, 17, 27369169
What are the prime factors of 50261995?
5, 7, 205151
What are the prime factors of 126235711?
7, 107, 24077
List the prime factors of 7141916.
2, 79, 97, 233
List the prime factors of 697085006.
2, 29, 1601, 7507
What are the prime factors of 820582030?
2, 5, 59, 277, 5021
List the prime factors of 1689453454.
2, 13, 23, 73, 229
What are the prime factors of 1386744890?
2, 5, 157, 337, 2621
List the prime factors of 1280007365.
5, 7, 13, 29, 97007
List the prime factors of 11452605.
3, 5, 73, 10459
What are the prime factors of 19925139?
3, 13, 17, 41, 733
What are the prime factors of 48807944?
2, 6100993
List the prime factors of 72355262.
2, 7, 738319
What are the prime factors of 1232245103?
1232245103
What are the prime factors of 42694620?
2, 3, 5, 711577
List the prime factors of 1587695578.
2, 7, 1201, 94427
What are the prime factors of 19459571?
19459571
What are the prime factors of 4018018742?
2, 89, 3323, 6793
What are the prime factors of 903042426?
2, 3, 11, 13, 29, 36293
What are the prime factors of 235503896?
2, 29, 977, 1039
List the prime factors of 84051917.
7639, 11003
List the prime factors of 7583168288.
2, 79, 229, 13099
List the prime factors of 34376320.
2, 5, 11, 19, 257
List the prime factors of 44659101.
3, 19, 29, 27017
What are the prime factors of 3681143353?
19, 23, 47, 9433
What are the prime factors of 26251823?
13, 31, 65141
List the prime factors of 313830163.
19, 907, 18211
List the prime factors of 89871830.
2, 5, 8987183
What are the prime factors of 187548741?
3, 2467, 8447
What are the prime factors of 81551320?
2, 5, 2038783
What are the prime factors of 28734530?
2, 5, 11, 261223
What are the prime factors of 567511165?
5, 13, 71, 122971
What are the prime factors of 986760192?
2, 3, 11, 29201
List the prime factors of 149621962.
2, 7, 29, 47, 7841
List the prime factors of 410325105.
3, 5, 27355007
What are the prime factors of 50393503?
29, 61, 467
What are the prime factors of 11245784?
2, 11, 47, 2719
What are the prime factors of 537321697?
11, 4271, 11437
List the prime factors of 1166470011.
3, 7, 17, 363047
List the prime factors of 3377751646.
2, 1229, 1374187
What are the prime factors of 16039098?
2, 3, 891061
What are the prime factors of 92787560?
2, 5, 2319689
What are the prime factors of 31380353?
31380353
List the prime factors of 564651672.
2, 3, 13, 37, 41, 1193
What are the prime factors of 2566681161?
3, 11, 7070747
What are the prime factors of 1810109623?
7, 31, 137, 60887
What are the prime factors of 69703705?
5, 103, 135347
List the prime factors of 2319730133.
7, 37, 8956487
What are the prime factors of 233336016?
2, 3, 17, 95317
What are the prime factors of 187671454?
2, 229, 593, 691
What are the prime factors of 23685338?
2, 149, 79481
What are the prime factors of 25229954?
2, 191, 66047
What are the prime factors of 119856368?
2, 137, 54679
List the prime factors of 45022896.
2, 3, 73, 4283
List the prime factors of 16424691.
3, 23, 238039
List the prime factors of 3715185570.
2, 3, 5, 197, 3191
What are the prime factors of 363541785?
3, 5, 24236119
List the prime factors of 1295951873.
89, 14561257
What are the prime factors of 3316518?
2, 3, 61417
List the prime factors of 47611239.
3, 13, 1220801
What are the prime factors of 166271565?
3, 5, 19, 583409
What are the prime factors of 76946291?
983, 78277
List the prime factors of 76694389.
76694389
List the prime factors of 1914719883.
3, 20747, 30763
List the prime factors of 174902555.
5, 61, 573451
List the prime factors of 999673259.
13, 76897943
What are the prime factors of 1388307158?
2, 7, 3823, 25939
What are the prime factors of 36157243?
36157243
List the prime factors of 967581154.
2, 37, 13075421
What are the prime factors of 15534668?
2, 17, 228451
What are the prime factors of 40081312?
2, 491, 2551
What are the prime factors of 813763062?
2, 3, 7, 6458437
List the prime factors of 50244841.
67, 749923
List the prime factors of 113674271.
89, 113, 127
List the prime factors of 3754554654.
2, 3, 625759109
What are the prime factors of 106129368?
2, 3, 17, 31, 2797
List the prime factors of 4224217837.
7, 603459691
What are the prime factors of 2496565663?
79, 31602097
What are the prime factors of 17973278?
2, 19, 239, 1979
What are the prime factors of 1320336914?
2, 13, 50782189
What are the prime factors of 633980143?
241, 2630623
List the prime factors of 17606.
2, 8803
What are the prime factors of 1769465739?
3, 23, 25644431
What are the prime factors of 1915299267?
3, 7, 2237, 40771
List the prime factors of 84644820.
2, 3, 5, 13, 61, 593
What are the prime factors of 53799681?
3, 13, 59, 103, 227
List the prime factors of 1800590841.
3, 7, 19, 751, 2003
What are the prime factors of 60064858?
2, 7, 29, 337, 439
List the prime factors of 1267677798.
2, 3, 23, 9186071
What are the prime factors of 2505816499?
61, 41078959
What are the prime factors of 36544242?
2, 3, 7, 53, 16417
What are the prime factors of 276854219?
83, 3335593
List the prime factors of 329404852.
2, 7, 17, 29, 487
What are the prime factors of 84997020?
2, 3, 5, 1416617
What are the prime factors of 947023829?
947023829
List the prime factors of 18291539.
7, 2613077
What are the prime factors of 3957112?
2, 494639
List the prime factors of 36148248.
2, 3, 113, 1481
What are the prime factors of 769271649?
3, 256423883
List the prime factors of 93936994.
2, 46968497
What are the prime factors of 2207606598?
2, 3, 359, 341629
List the prime factors of 209928901.
7, 13, 2306911
List the prime factors of 2053757845.
5, 17, 59, 409523
What are the prime factors of 63724349?
13, 103, 47591
List the prime factors of 180443334.
2, 3, 3877, 7757
What are the prime factors of 91746079?
19, 1229, 3929
List the prime factors of 8427521330.
2, 5, 18859, 44687
List the prime factors of 156331251.
3, 223, 77893
What are the prime factors of 5152232855?
5, 7, 11, 13382423
What are the prime factors of 220914849?
3, 127, 579829
List the prime factors of 59646702.
2, 3, 223, 44579
List the prime factors of 1830987376.
2, 569, 201119
List the prime factors of 2423149621.
17, 142538213
List the prime factors of 151032736.
2, 359, 13147
What are the prime factors of 814503334?
2, 43, 9470969
What are the prime factors of 15428872?
2, 601, 3209
List the prime factors of 62302993.
383, 162671
List the prime factors of 42732191.
101, 423091
What are the prime factors of 1831068763?
11941, 153343
What are the prime factors of 40977251?
7, 5853893
What are the prime factors of 761896497?
3, 17, 29, 515143
What are the prime factors of 75653711?
7, 829, 13037
List the prime factors of 37592684.
2, 9398171
List the prime factors of 29904809.
11, 97, 28027
What are the prime factors of 2761782125?
5, 727, 30391
What are the prime factors of 572588062?
2, 286294031
What are the prime factors of 61033488?
2, 3, 1271531
List the prime factors of 154470169.
7, 251, 87917
What are the prime factors of 38026163?
7, 19, 29, 9859
List the prime factors of 4638588.
2, 3, 386549
List the prime factors of 385634753.
7, 7870097
What are the prime factors of 109580882?
2, 1237, 44293
What are the prime factors of 363753456?
2, 3, 11, 691, 997
What are the prime factors of 124399343?
124399343
What are the prime factors of 258039513?
3, 19, 55889
List the prime factors of 248118107.
1069, 232103
What are the prime factors of 2211854822?
2, 409, 2703979
List the prime factors of 17437266.
2, 3, 7, 11, 23, 547
What are the prime factors of 1011634436?
2, 17, 211, 70507
List the prime factors of 5112207766.
2, 47, 54385189
What are the prime factors of 3252172545?
3, 5, 293, 82219
What are the prime factors of 16612729?
7, 2373247
List the prime factors of 2475426954.
2, 3, 7, 11, 13, 89, 421
What are the prime factors of 365748734?
2, 13, 14067259
What are the prime factors of 3435584?
2, 53681
List the prime factors of 1101390178.
2, 7, 281, 279967
List the prime factors of 281158037.
43, 6538559
What are the prime factors of 3117062289?
3, 11, 3511, 26903
List the prime factors of 38357922.
2, 3, 19, 47